{"id":7,"date":"2022-08-09T17:08:35","date_gmt":"2022-08-09T15:08:35","guid":{"rendered":"http:\/\/canvastudio.pl\/kancelaria\/?page_id=2"},"modified":"2023-02-18T18:05:30","modified_gmt":"2023-02-18T17:05:30","slug":"przykladowa-strona-2","status":"publish","type":"page","link":"http:\/\/metelska.pl\/","title":{"rendered":"Agnieszka Metelska"},"content":{"rendered":"\n<h1 class=\"has-large-font-size wp-block-heading\" style=\"font-style:normal;font-weight:200;text-transform:none\">Agnieszka Metelska<br>Kancelaria Radcy Prawnego i&nbsp;Rzecznika Patentowego<\/h1>\n\n\n<div class=\"wp-block-image\">\n<figure class=\"alignleft size-full\"><img loading=\"lazy\" decoding=\"async\" width=\"125\" height=\"129\" src=\"http:\/\/serwer2337927.home.pl\/autoinstalator\/wordpress\/wp-content\/uploads\/2023\/01\/AMetelska.jpg\" alt=\"\" class=\"wp-image-270\"\/><\/figure>\n<\/div>\n\n\n<p>Radca prawny, rzecznik patentowy, zawodowy pe\u0142nomocnik przed Urz\u0119dem Unii Europejskiej ds. W\u0142asno\u015bci Intelektualnej (EUIPO)<\/p>\n\n\n\n<p>Ekspert prawny z&nbsp;ponad 20-letnim do\u015bwiadczeniem w&nbsp;kompleksowej obs\u0142udze przedsi\u0119biorc\u00f3w z&nbsp;zakresu prawa cywilnego, hazardowego, w\u0142asno\u015bci intelektualnej i&nbsp;przemys\u0142owej, reklamy i&nbsp;promocji.<\/p>\n\n\n\n<p>Posiada do\u015bwiadczenie w&nbsp;doradztwie polskim i&nbsp;zagranicznym sp\u00f3\u0142kom IT oraz eCommerce w&nbsp;zakresie r\u00f3\u017cnego rodzaju um\u00f3w typowych dla sektora informatycznego oraz hazardowego, m.in. umowy wdro\u017ceniowe SLA\u2019s, nabywanie us\u0142ug w&nbsp;zakresie technologii informatycznych, post\u0119powania przetargowe na zakup oprogramowania i&nbsp;sprz\u0119tu, umowy licencyjne.<\/p>\n\n\n\n<p>Uczestniczy\u0142a w&nbsp; wielu projektach transakcyjnych obejmuj\u0105cych wdra\u017canie system\u00f3w p\u0142atno\u015bci on-line, identyfikacji graczy, nabywanie i&nbsp;zbywanie przedsi\u0119biorstw, ich sk\u0142adnik\u00f3w, tworzenie sieci salon\u00f3w handlowych, procesy produkcji i&nbsp;dystrybucji towar\u00f3w.&nbsp;<\/p>\n\n\n\n<p>Do\u015bwiadczenie zawodowe zdobywa\u0142a w&nbsp;renomowanych warszawskich kancelariach prawnych, prowadz\u0105c w\u0142asn\u0105 praktyk\u0119 oraz w&nbsp;biurze prawnym jednego z&nbsp;najwi\u0119kszych w&nbsp;Polsce przedsi\u0119biorstw.&nbsp;<\/p>\n\n\n\n<p>Reprezentuje podmioty przed s\u0105dami administracyjnymi, powszechnymi i&nbsp;polubownymi, Urz\u0119dem Patentowym RP i&nbsp;Urz\u0119dem Unii Europejskiej ds. W\u0142asno\u015bci Intelektualnej (EUIPO).&nbsp;<\/p>\n\n\n\n<p>Uko\u0144czy\u0142a Podyplomowe Studia Prawo nowoczesnych technologii na Akademii Leona Ko\u017ami\u0144skiego, Podyplomowe Studia Prawa W\u0142asno\u015bci Intelektualnej oraz Podyplomowe Studia Prawa W\u0142asno\u015bci Przemys\u0142owej na&nbsp;Uniwersytecie Warszawskim.&nbsp;<\/p>\n\n\n\n<p>Jest absolwentk\u0105 Wydzia\u0142u Prawa i&nbsp;Administracji Uniwersytetu Warszawskiego oraz Podyplomowych Studium prawa ameryka\u0144skiego organizowanego przez Levin College of Law (University of Florida).&nbsp;<\/p>\n\n\n\n<p>Pos\u0142uguje si\u0119 biegle j\u0119zykiem angielskim.<\/p>\n","protected":false},"excerpt":{"rendered":"<p>Agnieszka MetelskaKancelaria Radcy Prawnego i&nbsp;Rzecznika Patentowego Radca prawny, rzecznik patentowy, zawodowy pe\u0142nomocnik przed Urz\u0119dem Unii Europejskiej ds. W\u0142asno\u015bci Intelektualnej (EUIPO) Ekspert prawny z&nbsp;ponad 20-letnim do\u015bwiadczeniem w&nbsp;kompleksowej obs\u0142udze przedsi\u0119biorc\u00f3w z&nbsp;zakresu prawa cywilnego, hazardowego, w\u0142asno\u015bci intelektualnej i&nbsp;przemys\u0142owej, reklamy i&nbsp;promocji. Posiada do\u015bwiadczenie w&nbsp;doradztwie polskim i&nbsp;zagranicznym sp\u00f3\u0142kom IT oraz eCommerce w&nbsp;zakresie r\u00f3\u017cnego rodzaju um\u00f3w &hellip;<\/p>\n","protected":false},"author":1,"featured_media":0,"parent":0,"menu_order":0,"comment_status":"closed","ping_status":"open","template":"","meta":{"footnotes":""},"class_list":["post-7","page","type-page","status-publish","hentry"],"_links":{"self":[{"href":"http:\/\/metelska.pl\/index.php\/wp-json\/wp\/v2\/pages\/7","targetHints":{"allow":["GET"]}}],"collection":[{"href":"http:\/\/metelska.pl\/index.php\/wp-json\/wp\/v2\/pages"}],"about":[{"href":"http:\/\/metelska.pl\/index.php\/wp-json\/wp\/v2\/types\/page"}],"author":[{"embeddable":true,"href":"http:\/\/metelska.pl\/index.php\/wp-json\/wp\/v2\/users\/1"}],"replies":[{"embeddable":true,"href":"http:\/\/metelska.pl\/index.php\/wp-json\/wp\/v2\/comments?post=7"}],"version-history":[{"count":4,"href":"http:\/\/metelska.pl\/index.php\/wp-json\/wp\/v2\/pages\/7\/revisions"}],"predecessor-version":[{"id":300,"href":"http:\/\/metelska.pl\/index.php\/wp-json\/wp\/v2\/pages\/7\/revisions\/300"}],"wp:attachment":[{"href":"http:\/\/metelska.pl\/index.php\/wp-json\/wp\/v2\/media?parent=7"}],"curies":[{"name":"wp","href":"https:\/\/api.w.org\/{rel}","templated":true}]}}